{"id":264,"date":"2021-02-02T13:11:17","date_gmt":"2021-02-02T13:11:17","guid":{"rendered":"http:\/\/scoalatupilati.ro\/?page_id=264"},"modified":"2021-02-02T13:11:17","modified_gmt":"2021-02-02T13:11:17","slug":"covid-19","status":"publish","type":"page","link":"http:\/\/scoalafaurei.ro\/index.php\/covid-19\/","title":{"rendered":"Covid 19"},"content":{"rendered":"<p><a href=\"http:\/\/scoalatupilati.ro\/wp-content\/uploads\/2021\/02\/Hot\u0103r\u00e2rea-nr.3-din12.01.2021_privind-prelungirea-st\u0103rii-de-alert\u0103.pdf\">Hot\u0103r\u00e2rea nr.3 din12.01.2021_privind prelungirea st\u0103rii de alert\u0103<\/a><\/p>\n","protected":false},"excerpt":{"rendered":"<p>Hot\u0103r\u00e2rea nr.3 din12.01.2021_privind prelungirea st\u0103rii de alert\u0103<\/p>\n","protected":false},"author":3,"featured_media":0,"parent":0,"menu_order":12,"comment_status":"closed","ping_status":"closed","template":"","meta":{"footnotes":""},"class_list":["post-264","page","type-page","status-publish","hentry"],"yoast_head":"<!-- This site is optimized with the Yoast SEO plugin v17.4 - https:\/\/yoast.com\/wordpress\/plugins\/seo\/ -->\n<title>Covid 19 - Scoala Gimnaziala Comuna Faurei<\/title>\n<meta name=\"robots\" content=\"index, follow, max-snippet:-1, max-image-preview:large, max-video-preview:-1\" \/>\n<link rel=\"canonical\" href=\"http:\/\/scoalafaurei.ro\/index.php\/covid-19\/\" \/>\n<meta property=\"og:locale\" content=\"ro_RO\" \/>\n<meta property=\"og:type\" content=\"article\" \/>\n<meta property=\"og:title\" content=\"Covid 19 - Scoala Gimnaziala Comuna Faurei\" \/>\n<meta property=\"og:description\" content=\"Hot\u0103r\u00e2rea nr.3 din12.01.2021_privind prelungirea st\u0103rii de alert\u0103\" \/>\n<meta property=\"og:url\" content=\"http:\/\/scoalafaurei.ro\/index.php\/covid-19\/\" \/>\n<meta property=\"og:site_name\" content=\"Scoala Gimnaziala Comuna Faurei\" \/>\n<meta name=\"twitter:card\" content=\"summary_large_image\" \/>\n<script type=\"application\/ld+json\" class=\"yoast-schema-graph\">{\"@context\":\"https:\/\/schema.org\",\"@graph\":[{\"@type\":\"WebSite\",\"@id\":\"http:\/\/scoalafaurei.ro\/#website\",\"url\":\"http:\/\/scoalafaurei.ro\/\",\"name\":\"Scoala Gimnaziala Comuna Faurei\",\"description\":\"\",\"potentialAction\":[{\"@type\":\"SearchAction\",\"target\":{\"@type\":\"EntryPoint\",\"urlTemplate\":\"http:\/\/scoalafaurei.ro\/?s={search_term_string}\"},\"query-input\":\"required name=search_term_string\"}],\"inLanguage\":\"ro-RO\"},{\"@type\":\"WebPage\",\"@id\":\"http:\/\/scoalafaurei.ro\/index.php\/covid-19\/#webpage\",\"url\":\"http:\/\/scoalafaurei.ro\/index.php\/covid-19\/\",\"name\":\"Covid 19 - Scoala Gimnaziala Comuna Faurei\",\"isPartOf\":{\"@id\":\"http:\/\/scoalafaurei.ro\/#website\"},\"datePublished\":\"2021-02-02T13:11:17+00:00\",\"dateModified\":\"2021-02-02T13:11:17+00:00\",\"breadcrumb\":{\"@id\":\"http:\/\/scoalafaurei.ro\/index.php\/covid-19\/#breadcrumb\"},\"inLanguage\":\"ro-RO\",\"potentialAction\":[{\"@type\":\"ReadAction\",\"target\":[\"http:\/\/scoalafaurei.ro\/index.php\/covid-19\/\"]}]},{\"@type\":\"BreadcrumbList\",\"@id\":\"http:\/\/scoalafaurei.ro\/index.php\/covid-19\/#breadcrumb\",\"itemListElement\":[{\"@type\":\"ListItem\",\"position\":1,\"name\":\"Prima pagin\\u0103\",\"item\":\"http:\/\/scoalafaurei.ro\/\"},{\"@type\":\"ListItem\",\"position\":2,\"name\":\"Covid 19\"}]}]}<\/script>\n<!-- \/ Yoast SEO plugin. -->","yoast_head_json":{"title":"Covid 19 - Scoala Gimnaziala Comuna Faurei","robots":{"index":"index","follow":"follow","max-snippet":"max-snippet:-1","max-image-preview":"max-image-preview:large","max-video-preview":"max-video-preview:-1"},"canonical":"http:\/\/scoalafaurei.ro\/index.php\/covid-19\/","og_locale":"ro_RO","og_type":"article","og_title":"Covid 19 - Scoala Gimnaziala Comuna Faurei","og_description":"Hot\u0103r\u00e2rea nr.3 din12.01.2021_privind prelungirea st\u0103rii de alert\u0103","og_url":"http:\/\/scoalafaurei.ro\/index.php\/covid-19\/","og_site_name":"Scoala Gimnaziala Comuna Faurei","twitter_card":"summary_large_image","schema":{"@context":"https:\/\/schema.org","@graph":[{"@type":"WebSite","@id":"http:\/\/scoalafaurei.ro\/#website","url":"http:\/\/scoalafaurei.ro\/","name":"Scoala Gimnaziala Comuna Faurei","description":"","potentialAction":[{"@type":"SearchAction","target":{"@type":"EntryPoint","urlTemplate":"http:\/\/scoalafaurei.ro\/?s={search_term_string}"},"query-input":"required name=search_term_string"}],"inLanguage":"ro-RO"},{"@type":"WebPage","@id":"http:\/\/scoalafaurei.ro\/index.php\/covid-19\/#webpage","url":"http:\/\/scoalafaurei.ro\/index.php\/covid-19\/","name":"Covid 19 - Scoala Gimnaziala Comuna Faurei","isPartOf":{"@id":"http:\/\/scoalafaurei.ro\/#website"},"datePublished":"2021-02-02T13:11:17+00:00","dateModified":"2021-02-02T13:11:17+00:00","breadcrumb":{"@id":"http:\/\/scoalafaurei.ro\/index.php\/covid-19\/#breadcrumb"},"inLanguage":"ro-RO","potentialAction":[{"@type":"ReadAction","target":["http:\/\/scoalafaurei.ro\/index.php\/covid-19\/"]}]},{"@type":"BreadcrumbList","@id":"http:\/\/scoalafaurei.ro\/index.php\/covid-19\/#breadcrumb","itemListElement":[{"@type":"ListItem","position":1,"name":"Prima pagin\u0103","item":"http:\/\/scoalafaurei.ro\/"},{"@type":"ListItem","position":2,"name":"Covid 19"}]}]}},"_links":{"self":[{"href":"http:\/\/scoalafaurei.ro\/index.php\/wp-json\/wp\/v2\/pages\/264","targetHints":{"allow":["GET"]}}],"collection":[{"href":"http:\/\/scoalafaurei.ro\/index.php\/wp-json\/wp\/v2\/pages"}],"about":[{"href":"http:\/\/scoalafaurei.ro\/index.php\/wp-json\/wp\/v2\/types\/page"}],"author":[{"embeddable":true,"href":"http:\/\/scoalafaurei.ro\/index.php\/wp-json\/wp\/v2\/users\/3"}],"replies":[{"embeddable":true,"href":"http:\/\/scoalafaurei.ro\/index.php\/wp-json\/wp\/v2\/comments?post=264"}],"version-history":[{"count":0,"href":"http:\/\/scoalafaurei.ro\/index.php\/wp-json\/wp\/v2\/pages\/264\/revisions"}],"wp:attachment":[{"href":"http:\/\/scoalafaurei.ro\/index.php\/wp-json\/wp\/v2\/media?parent=264"}],"curies":[{"name":"wp","href":"https:\/\/api.w.org\/{rel}","templated":true}]}}